8 - 0)) is divided by m/(-4) + (-11)/(-2).
2
Suppose 7*a + 20 = 11*a. Suppose s = 4*g + 29, s + a*g + 11 = 13. What is the remainder when 98 is divided by s?
13
Let n = -205 + 221. Suppose n*z + 4*i = 13*z + 261, 3*z - 261 = i. What is the remainder when z is divided by 18?
15
Suppose -3 = 2*s + 21. Let c be ((-4)/(-7))/(s/(-42)). Suppose c*g + g - 25 = 2*d, g + 2*d = 11. What is the remainder when 23 is divided by g?
5
Let v be (-36)/180 - (2/(-10) - -2). Calculate the remainder when ((-210)/(-12) + -2)/((-1)/v) is divided by 21.
10
Suppose 0 = 9*r - 595 - 980. Let x = -163 + r. Let o = 17 - -6. Calculate the remainder when o is divided by x.
11
Calculate the remainder when ((42/8)/(-3))/(1/(-120)) is divided by 66.
12
Let c be ((-2)/(6/(-9)))/((-5)/(-5)). Suppose w - 42 = -2*w - c*h, 2*h = w - 20. What is the remainder when w is divided by 3?
1
Suppose 3*z - 28 = -z. Let l(f) = 75*f + 108*f - 176*f - 3. What is the remainder when 134 is divided by l(z)?
42
Let r(z) = z**2 - 3*z + 5. Let c = -2105 - -2331. What is the remainder when c is divided by r(6)?
19
Suppose -154 + 54 = -2*u + 5*z, 0 = -3*u + 3*z + 132. What is the remainder when 962 is divided by u?
2
Suppose 19*z - 1299 - 250 = -181. What is the remainder when 94 is divided by z?
22
Let t = -2136 + 2402. Calculate the remainder when t is divided by 142.
124
Suppose -5*a + 0*d = -d - 1139, -3*a + 2*d = -689. What is the remainder when a is divided by 80?
67
Let g = 15889 + -12894. What is the remainder when g is divided by 746?
11
Let x = 5238 + -1796. What is the remainder when x is divided by 53?
50
What is the remainder when 377 is divided by (-91)/4*(28 - 1 - 31)?
13
Let w(s) = 4*s**2 + 181*s - 415. What is the remainder when w(-49) is divided by 83?
71
Let m be (21/(-6) - -2)*708/(-18). Let r = 64 - m. Suppose 2*q = -h + 46, 1 - 7 = -3*q. Calculate the remainder when h is divided by r.
2
Let i be 6*1 - 2/(-1). Let t = 681 - 678. Suppose t*m - i*m = -15. What is the remainder when 6 is divided by m?
0
Suppose 0 = -3*x + 6*f + 549, -122*x + 118*x = 3*f - 644. Calculate the remainder when 330 is divided by x.
163
Let q = -5908 - -5941. Suppose 2*f + 0*u + 2*u = 720, 1439 = 4*f + 3*u. Calculate the remainder when f is divided by q.
29
Suppose 556 = 4*r - 4*s, 2*s = -r - 2*s + 129. Suppose 0 = -2*d - 7 + r. Calculate the remainder when 257 is divided by d.
62
Let v = 317 - 292. Let k = -22 + 50. Calculate the remainder when k is divided by 24/(-20)*v/(-3).
8
Let f be (-3)/((6/8)/1). Let n = -3605 + 3615. What is the remainder when 30 is divided by f/n*120/(-3)?
14
Suppose -5*v = 3 + 22, 5*v + 25 = -4*b. Suppose -3*k + k - 2*s + 132 = b, 0 = 4*k - 2*s - 294. What is the remainder when k is divided by 21?
8
Let w(c) = 311 - 9*c - 151 + 7*c. What is the remainder when w(-17) is divided by 28?
26
Let n(h) = h**3 + 48*h**2 - 157*h - 89. What is the remainder when 3448 is divided by n(-51)?
113
Let g(k) = 2*k**3 - 12*k**2 - 12*k + 69. Let f be g(7). Let n = 195 - f. What is the remainder when n is divided by 6?
4
Calculate the remainder when 586 is divided by (-7)/252*-188 + (-20)/90.
1
Suppose -3*v + 8*v - 610 = -4*h, -5*v + 160 = h. Calculate the remainder when h is divided by 22.
18
Let f(t) be the second derivative of t - 3/20*t**5 - 3/2*t**2 + 0*t**3 + 0*t**4 + 0. Calculate the remainder when f(-3) is divided by 16.
14
Suppose 58*k - 62*k + 772 = 0. Let q = -72 + k. Calculate the remainder when q is divided by 25.
21
Let g(i) = -2*i + 59. Let s be (0 - -2)/((216/45)/12). What is the remainder when g(s) is divided by 31?
18
Let a(n) = -5*n - 4. Suppose 7*t - 2 = 2*y + 2*t, 4*t - 8 = 0. Suppose -y*m = -7 + 19. What is the remainder when a(m) is divided by 7?
4
Let y = 18 + -9. What is the remainder when (-6)/(-3) - ((-135)/90)/(6/32) is divided by y?
1
Let p be 12/(-28) + (-51)/(-21). Suppose c = 4*s + 27, p*c - 2*s + 26 = 92. Let o = 179 - 76. What is the remainder when o is divided by c?
33
Let a be ((-5)/4 + 3/12)*137. Let q = a - -154. Calculate the remainder when 99 is divided by q.
14
Let f(i) = -23*i + 57. Calculate the remainder when f(-9) is divided by 7.
5
Let z = -6550 + 6619. Calculate the remainder when 89 is divided by z.
20
Let n(u) = -2*u**2 + 1 + 4*u + u**3 - 2 - u**2. Suppose 0 = 615*z - 10038 - 1647. Calculate the remainder when z is divided by n(3).
8
Suppose 4*f - 73 = -3*t, 2*t - 40*f = -39*f + 34. Suppose 0 = t*q - 530 - 800. Let j = -24 - -42. What is the remainder when q is divided by j?
16
Calculate the remainder when -12*(1 - 80/30) + -3 is divided by 1.
0
Let s = 59 + -49. Suppose 17*b + 55 = 22*b. Let h = 45 + b. What is the remainder when h is divided by s?
6
Let u = 957 + -525. Suppose 6*g + 10*g - u = 0. Calculate the remainder when 240 is divided by g.
24
Let n(g) = 8*g**3 + 10*g**2 + 2*g. Let w be n(-5). Let q = w - -771. What is the remainder when 19 is divided by q?
8
Suppose 5 + 1 = -3*b. Let x be (-15)/(-5)*(b + 11). Suppose -4*n = -6*l + 10*l - 44, -x = -n - 5*l. Calculate the remainder when 19 is divided by n.
5
Suppose -21*p - 1341 = -25*p - 5*s, p + 2*s = 330. Calculate the remainder when 593 is divided by p.
249
Let y(a) = a**3 - 2*a**2 + 3*a - 4. Let h = 87305 - 86662. Calculate the remainder when h is divided by y(3).
13
Let h = 81 - 3. What is the remainder when (2328/(-18))/(-11*24/792) is divided by h?
76
Let n(u) = -8*u + 846. What is the remainder when n(76) is divided by 28?
14
Let q = 26 - 12. Let x = -1 - q. Let j = x + 44. What is the remainder when j is divided by 16?
13
Let k = -7152 + 7261. Calculate the remainder when k is divided by 109.
0
Calculate the remainder when (-20 - -48) + -26 - (-242)/6 - (-20)/12 is divided by -9*(-1 + 1/(-3)).
8
Let d(q) = 3*q**2 - 1169*q + 4677. What is the remainder when 1771 is divided by d(4)?
7
Let i(t) = t**3 + 27*t**2 - 9719*t + 120. Calculate the remainder when i(86) is divided by 21/(-1 - -2) + 0.
13
Suppose 13*v + 106 = 158. Suppose -2*l - 4*t = -5*l + 133, -v*l - t + 152 = 0. What is the remainder when 49 is divided by l?
10
What is the remainder when 158 is divided by 2 + (-4)/(((-1)/14)/(133/76))?
58
Let o = 654 - 650. What is the remainder when 47 is divided by o/(-38) + (-1245)/(-95)?
8
Let w(c) = 300*c + 5. Let f be w(1). Suppose -h + f = 16. Calculate the remainder when h is divided by 42.
37
Suppose -8*r = -9*r + 30. Let s = r - 126. Let l = s + 147. What is the remainder when l is divided by 13?
12
Let o(q) = 5*q**3 + 260*q**2 + 2*q + 150. What is the remainder when 548 is divided by o(-52)?
42
Let m(z) = -z**3 + 27*z**2 + 55*z + 78. Let h be m(29). Calculate the remainder when 84*h*(-4)/42 is divided by 25.
22
Suppose 41251 = -1126*t + 1209*t. Calculate the remainder when t is divided by 244.
9
What is the remainder when 12/(-26) + (-1178248)/(-3224) is divided by 35?
15
Suppose -16*i - 9555 = -31*i. What is the remainder when i is divided by 599?
38
What is the remainder when 825 is divided by (-4)/(-1) - (326/(-12) + (-4)/(-24))?
19
Calculate the remainder when ((-50)/20 - -3)*2 - -147*20 is divided by 244.
13
Let a = -1064 - -1841. Suppose a*f - 160 = 773*f. Calculate the remainder when f is divided by 15.
10
Suppose 0*l = 14*l - 1344. Let z(u) = -u**3 - 4*u**2 + 22*u + 20. What is the remainder when l is divided by z(-7)?
5
Suppose 2 + 18 = -4*o. Let i = o + 9. Calculate the remainder when 646/2907 + (-169)/(-9) is divided by i.
3
Suppose 0 = -7*d + 3*d + 16. Suppose -3*m = 2*v - 654, d*v = m - v - 218. Let t = -105 + m. What is the remainder when t is divided by 23?
21
Suppose 2*f + 1 = 2*z + 5, 5*z + 4*f - 8 = 0. Suppose z = 10*b - 4*b - 108. What is the remainder when 25 is divided by 124/9 + 4/b?
11
Suppose -10 = 3*p - 7*p - 3*s, -2*p = 3*s - 8. Let q(t) = 15*t**3 + 2*t**2 - 2*t + 1. Calculate the remainder when ((-2)/12)/((-56)/17808) is divided by q(p).
5
Let h = 30 - 14. Suppose -6*c + 263 = -1183. Let a = 283 - c. Calculate the remainder when a is divided by h.
10
Let z = -11288 + 12637. Calculate the remainder when z is divided by 191.
12
Let c = -16 - -2. Let p = -11 - c. Calculate the remainder when p + -1 + 53 + 1 is divided by 19.
18
Let l = 12 + -1. Suppose -3*u = -l - 19. Suppose 0 = n + g - u + 1, -4*g + 9 = n. Calculate the remainder when 15 is divided by 